{"id":243,"date":"2026-07-17T14:47:20","date_gmt":"2026-07-17T18:47:20","guid":{"rendered":"https:\/\/redeteias.ufms.br\/?page_id=243"},"modified":"2026-08-12T08:17:44","modified_gmt":"2026-08-12T12:17:44","slug":"humanidades-saberes-tradicionais-e-tecnologias-sociais","status":"publish","type":"page","link":"https:\/\/redeteias.ufms.br\/en\/temas\/humanidades-saberes-tradicionais-e-tecnologias-sociais\/","title":{"rendered":"(Portugu\u00eas do Brasil) Humanidades, Saberes Tradicionais e Tecnologias Sociais"},"content":{"rendered":"\t\t<div data-elementor-type=\"wp-page\" data-elementor-id=\"243\" class=\"elementor elementor-243\">\n\t\t\t\t<div class=\"elementor-element elementor-element-1f58b3e e-con-full e-flex e-con e-parent\" data-id=\"1f58b3e\" data-element_type=\"container\">\n\t\t\t\t<div class=\"elementor-element elementor-element-13f306e elementor-widget-divider--view-line elementor-widget elementor-widget-divider\" data-id=\"13f306e\" data-element_type=\"widget\" data-widget_type=\"divider.default\">\n\t\t\t\t<div class=\"elementor-widget-container\">\n\t\t\t\t\t\t\t<div class=\"elementor-divider\">\n\t\t\t<span class=\"elementor-divider-separator\">\n\t\t\t\t\t\t<\/span>\n\t\t<\/div>\n\t\t\t\t\t\t<\/div>\n\t\t\t\t<\/div>\n\t\t\t\t<div class=\"elementor-element elementor-element-09e920e elementor-widget elementor-widget-text-editor\" data-id=\"09e920e\" data-element_type=\"widget\" data-widget_type=\"text-editor.default\">\n\t\t\t\t<div class=\"elementor-widget-container\">\n\t\t\t\t\t\t\t\t\t<p>Os desafios contempor\u00e2neos n\u00e3o podem ser enfrentados apenas com solu\u00e7\u00f5es t\u00e9cnicas. Eles exigem a compreens\u00e3o das culturas, das linguagens, das formas de organiza\u00e7\u00e3o social e das diferentes maneiras de produzir e transmitir conhecimentos.<\/p><p>Este tema promove o di\u00e1logo entre as Humanidades, os saberes tradicionais, a produ\u00e7\u00e3o art\u00edstica e as tecnologias sociais. A proposta reconhece povos ind\u00edgenas, comunidades quilombolas, popula\u00e7\u00f5es tradicionais e outros grupos historicamente marginalizados como agentes fundamentais na produ\u00e7\u00e3o de conhecimento e na constru\u00e7\u00e3o de solu\u00e7\u00f5es para os territ\u00f3rios.<\/p><p>Tamb\u00e9m s\u00e3o exploradas as rela\u00e7\u00f5es entre cultura, comunica\u00e7\u00e3o, educa\u00e7\u00e3o, digitalidade e intelig\u00eancia artificial, buscando desenvolver tecnologias que promovam inclus\u00e3o, diversidade, justi\u00e7a social e sustentabilidade.<\/p>\t\t\t\t\t\t\t\t<\/div>\n\t\t\t\t<\/div>\n\t\t\t\t<div class=\"elementor-element elementor-element-5faff41 elementor-widget elementor-widget-heading\" data-id=\"5faff41\" data-element_type=\"widget\" data-widget_type=\"heading.default\">\n\t\t\t\t<div class=\"elementor-widget-container\">\n\t\t\t\t\t<h3 class=\"elementor-heading-title elementor-size-default\">Objetivo<\/h3>\t\t\t\t<\/div>\n\t\t\t\t<\/div>\n\t\t\t\t<div class=\"elementor-element elementor-element-e4aedf4 elementor-widget elementor-widget-text-editor\" data-id=\"e4aedf4\" data-element_type=\"widget\" data-widget_type=\"text-editor.default\">\n\t\t\t\t<div class=\"elementor-widget-container\">\n\t\t\t\t\t\t\t\t\t<p>Promover uma cultura de internacionaliza\u00e7\u00e3o diversa, inclusiva e acolhedora, baseada no di\u00e1logo intercultural e no reconhecimento de diferentes sistemas de conhecimento.<\/p><p>O tema busca integrar pesquisa, extens\u00e3o, produ\u00e7\u00e3o art\u00edstica e inova\u00e7\u00e3o social, fortalecendo a rela\u00e7\u00e3o entre universidades e comunidades e desenvolvendo solu\u00e7\u00f5es que produzam impacto social direto. Tamb\u00e9m pretende reduzir assimetrias regionais e ampliar a participa\u00e7\u00e3o de grupos historicamente sub-representados nas a\u00e7\u00f5es de internacionaliza\u00e7\u00e3o.<\/p>\t\t\t\t\t\t\t\t<\/div>\n\t\t\t\t<\/div>\n\t\t\t\t<div class=\"elementor-element elementor-element-2caca25 elementor-widget elementor-widget-heading\" data-id=\"2caca25\" data-element_type=\"widget\" data-widget_type=\"heading.default\">\n\t\t\t\t<div class=\"elementor-widget-container\">\n\t\t\t\t\t<h3 class=\"elementor-heading-title elementor-size-default\">\u00c1reas comtempladas<\/h3>\t\t\t\t<\/div>\n\t\t\t\t<\/div>\n\t\t\t\t<div class=\"elementor-element elementor-element-e739f58 elementor-widget elementor-widget-text-editor\" data-id=\"e739f58\" data-element_type=\"widget\" data-widget_type=\"text-editor.default\">\n\t\t\t\t<div class=\"elementor-widget-container\">\n\t\t\t\t\t\t\t\t\t<p>Antropologia e saberes tradicionais;<br \/>Filosofia e \u00e9tica;<br \/>Letras, literatura e estudos de linguagens;<br \/>Estudos culturais;<br \/>Comunica\u00e7\u00e3o e culturas midi\u00e1ticas;<br \/>Educa\u00e7\u00e3o e educa\u00e7\u00e3o matem\u00e1tica;<br \/>Psicologia;<br \/>Artes e m\u00fasica;<br \/>Produ\u00e7\u00e3o art\u00edstica e resid\u00eancias culturais;<br \/>Diversidade cultural, lingu\u00edstica e \u00e9tnica;<br \/>Rela\u00e7\u00f5es de g\u00eanero e igualdade social;<br \/>Tecnologias sociais;<br \/>Intelig\u00eancia artificial, cultura e sociedade;<br \/>Propriedade intelectual e inova\u00e7\u00e3o;<br \/>Extens\u00e3o universit\u00e1ria;<br \/>Comunica\u00e7\u00e3o e divulga\u00e7\u00e3o cient\u00edfica.<\/p>\t\t\t\t\t\t\t\t<\/div>\n\t\t\t\t<\/div>\n\t\t\t\t<div class=\"elementor-element elementor-element-6307a69 elementor-widget elementor-widget-heading\" data-id=\"6307a69\" data-element_type=\"widget\" data-widget_type=\"heading.default\">\n\t\t\t\t<div class=\"elementor-widget-container\">\n\t\t\t\t\t<h3 class=\"elementor-heading-title elementor-size-default\">Internacionaliza\u00e7\u00e3o<\/h3>\t\t\t\t<\/div>\n\t\t\t\t<\/div>\n\t\t\t\t<div class=\"elementor-element elementor-element-ad7dbfa elementor-widget elementor-widget-text-editor\" data-id=\"ad7dbfa\" data-element_type=\"widget\" data-widget_type=\"text-editor.default\">\n\t\t\t\t<div class=\"elementor-widget-container\">\n\t\t\t\t\t\t\t\t\t<p>A internacionaliza\u00e7\u00e3o ser\u00e1 constru\u00edda por meio do di\u00e1logo intercultural com institui\u00e7\u00f5es e comunidades do Norte e do Sul Global. Est\u00e3o previstas mobilidades acad\u00eamicas, miss\u00f5es de pesquisadores estrangeiros, professores visitantes, resid\u00eancias art\u00edsticas internacionais, cursos no exterior, projetos de extens\u00e3o internacional e produ\u00e7\u00e3o cient\u00edfica e cultural colaborativa.<\/p><p>Mais do que ampliar a circula\u00e7\u00e3o de pessoas, o tema busca tornar a internacionaliza\u00e7\u00e3o mais inclusiva, permitindo que saberes locais e tradicionais sejam reconhecidos e compartilhados em ambientes globais. As a\u00e7\u00f5es dever\u00e3o fortalecer redes internacionais de pesquisa, cultura e inova\u00e7\u00e3o social, sem perder a rela\u00e7\u00e3o com as necessidades e identidades dos territ\u00f3rios brasileiros.<\/p>\t\t\t\t\t\t\t\t<\/div>\n\t\t\t\t<\/div>\n\t\t\t\t<\/div>\n\t\t\t\t<\/div>\n\t\t","protected":false},"excerpt":{"rendered":"<p>Os desafios contempor\u00e2neos n\u00e3o podem ser enfrentados apenas com solu\u00e7\u00f5es t\u00e9cnicas. Eles exigem a compreens\u00e3o das culturas, das linguagens, das formas de organiza\u00e7\u00e3o social e<\/p>\n","protected":false},"author":58884,"featured_media":0,"parent":179,"menu_order":0,"comment_status":"closed","ping_status":"closed","template":"","meta":{"footnotes":""},"coauthors":[7],"class_list":["post-243","page","type-page","status-publish","hentry"],"_links":{"self":[{"href":"https:\/\/redeteias.ufms.br\/en\/wp-json\/wp\/v2\/pages\/243","targetHints":{"allow":["GET"]}}],"collection":[{"href":"https:\/\/redeteias.ufms.br\/en\/wp-json\/wp\/v2\/pages"}],"about":[{"href":"https:\/\/redeteias.ufms.br\/en\/wp-json\/wp\/v2\/types\/page"}],"author":[{"embeddable":true,"href":"https:\/\/redeteias.ufms.br\/en\/wp-json\/wp\/v2\/users\/58884"}],"replies":[{"embeddable":true,"href":"https:\/\/redeteias.ufms.br\/en\/wp-json\/wp\/v2\/comments?post=243"}],"version-history":[{"count":6,"href":"https:\/\/redeteias.ufms.br\/en\/wp-json\/wp\/v2\/pages\/243\/revisions"}],"predecessor-version":[{"id":419,"href":"https:\/\/redeteias.ufms.br\/en\/wp-json\/wp\/v2\/pages\/243\/revisions\/419"}],"up":[{"embeddable":true,"href":"https:\/\/redeteias.ufms.br\/en\/wp-json\/wp\/v2\/pages\/179"}],"wp:attachment":[{"href":"https:\/\/redeteias.ufms.br\/en\/wp-json\/wp\/v2\/media?parent=243"}],"wp:term":[{"taxonomy":"author","embeddable":true,"href":"https:\/\/redeteias.ufms.br\/en\/wp-json\/wp\/v2\/coauthors?post=243"}],"curies":[{"name":"wp","href":"https:\/\/api.w.org\/{rel}","templated":true}]}}

(Português do Brasil) Humanidades, Saberes Tradicionais e Tecnologias Sociais

<div data-elementor-type="wp-page" data-elementor-id="243" class="elementor elementor-243">
				<div class="elementor-element elementor-element-1f58b3e e-con-full e-flex e-con e-parent" data-id="1f58b3e" data-element_type="container">
				<div class="elementor-element elementor-element-13f306e elementor-widget-divider--view-line elementor-widget elementor-widget-divider" data-id="13f306e" data-element_type="widget" data-widget_type="divider.default">
				<div class="elementor-widget-container">
							<div class="elementor-divider">
			<span class="elementor-divider-separator">
						</span>
		</div>
						</div>
				</div>
				<div class="elementor-element elementor-element-09e920e elementor-widget elementor-widget-text-editor" data-id="09e920e" data-element_type="widget" data-widget_type="text-editor.default">
				<div class="elementor-widget-container">
									<p>Os desafios contemporâneos não podem ser enfrentados apenas com soluções técnicas. Eles exigem a compreensão das culturas, das linguagens, das formas de organização social e das diferentes maneiras de produzir e transmitir conhecimentos.</p><p>Este tema promove o diálogo entre as Humanidades, os saberes tradicionais, a produção artística e as tecnologias sociais. A proposta reconhece povos indígenas, comunidades quilombolas, populações tradicionais e outros grupos historicamente marginalizados como agentes fundamentais na produção de conhecimento e na construção de soluções para os territórios.</p><p>Também são exploradas as relações entre cultura, comunicação, educação, digitalidade e inteligência artificial, buscando desenvolver tecnologias que promovam inclusão, diversidade, justiça social e sustentabilidade.</p>								</div>
				</div>
				<div class="elementor-element elementor-element-5faff41 elementor-widget elementor-widget-heading" data-id="5faff41" data-element_type="widget" data-widget_type="heading.default">
				<div class="elementor-widget-container">
					<h3 class="elementor-heading-title elementor-size-default">Objetivo</h3>				</div>
				</div>
				<div class="elementor-element elementor-element-e4aedf4 elementor-widget elementor-widget-text-editor" data-id="e4aedf4" data-element_type="widget" data-widget_type="text-editor.default">
				<div class="elementor-widget-container">
									<p>Promover uma cultura de internacionalização diversa, inclusiva e acolhedora, baseada no diálogo intercultural e no reconhecimento de diferentes sistemas de conhecimento.</p><p>O tema busca integrar pesquisa, extensão, produção artística e inovação social, fortalecendo a relação entre universidades e comunidades e desenvolvendo soluções que produzam impacto social direto. Também pretende reduzir assimetrias regionais e ampliar a participação de grupos historicamente sub-representados nas ações de internacionalização.</p>								</div>
				</div>
				<div class="elementor-element elementor-element-2caca25 elementor-widget elementor-widget-heading" data-id="2caca25" data-element_type="widget" data-widget_type="heading.default">
				<div class="elementor-widget-container">
					<h3 class="elementor-heading-title elementor-size-default">Áreas comtempladas</h3>				</div>
				</div>
				<div class="elementor-element elementor-element-e739f58 elementor-widget elementor-widget-text-editor" data-id="e739f58" data-element_type="widget" data-widget_type="text-editor.default">
				<div class="elementor-widget-container">
									<p>Antropologia e saberes tradicionais;<br />Filosofia e ética;<br />Letras, literatura e estudos de linguagens;<br />Estudos culturais;<br />Comunicação e culturas midiáticas;<br />Educação e educação matemática;<br />Psicologia;<br />Artes e música;<br />Produção artística e residências culturais;<br />Diversidade cultural, linguística e étnica;<br />Relações de gênero e igualdade social;<br />Tecnologias sociais;<br />Inteligência artificial, cultura e sociedade;<br />Propriedade intelectual e inovação;<br />Extensão universitária;<br />Comunicação e divulgação científica.</p>								</div>
				</div>
				<div class="elementor-element elementor-element-6307a69 elementor-widget elementor-widget-heading" data-id="6307a69" data-element_type="widget" data-widget_type="heading.default">
				<div class="elementor-widget-container">
					<h3 class="elementor-heading-title elementor-size-default">Internacionalização</h3>				</div>
				</div>
				<div class="elementor-element elementor-element-ad7dbfa elementor-widget elementor-widget-text-editor" data-id="ad7dbfa" data-element_type="widget" data-widget_type="text-editor.default">
				<div class="elementor-widget-container">
									<p>A internacionalização será construída por meio do diálogo intercultural com instituições e comunidades do Norte e do Sul Global. Estão previstas mobilidades acadêmicas, missões de pesquisadores estrangeiros, professores visitantes, residências artísticas internacionais, cursos no exterior, projetos de extensão internacional e produção científica e cultural colaborativa.</p><p>Mais do que ampliar a circulação de pessoas, o tema busca tornar a internacionalização mais inclusiva, permitindo que saberes locais e tradicionais sejam reconhecidos e compartilhados em ambientes globais. As ações deverão fortalecer redes internacionais de pesquisa, cultura e inovação social, sem perder a relação com as necessidades e identidades dos territórios brasileiros.</p>								</div>
				</div>
				</div>
				</div>

<p>Os desafios contemporâneos não podem ser enfrentados apenas com soluções técnicas. Eles exigem a compreensão das culturas, das linguagens, das formas de organização social e</p>
